{"id":35666,"date":"2025-12-16T11:31:49","date_gmt":"2025-12-16T10:31:49","guid":{"rendered":"https:\/\/lespot.ch\/?post_type=mec-events&#038;p=35666"},"modified":"2025-12-16T11:31:49","modified_gmt":"2025-12-16T10:31:49","slug":"copia-de-las-inscripciones-estan-abiertas-para-los-habitantes-de-los-3-chene","status":"publish","type":"mec-events","link":"https:\/\/lespot.ch\/es\/events\/copia-de-las-inscripciones-estan-abiertas-para-los-habitantes-de-los-3-chene\/","title":{"rendered":"Copia de \u00a1Las inscripciones est\u00e1n abiertas para los habitantes de los 3 Ch\u00eane!"},"content":{"rendered":"\n<div class=\"wp-block-buttons is-content-justification-center is-layout-flex wp-container-core-buttons-is-layout-a89b3969 wp-block-buttons-is-layout-flex\">\n<div class=\"wp-block-button\"><a class=\"wp-block-button__link wp-element-button\" href=\"http:\/\/lespot.ch\/wp-content\/uploads\/2025\/09\/INSCRIPTION-CENTRE-AERE-AUTOMNE-2025.pdf\">Descargar el formulario de inscripci\u00f3n<\/a><\/div>\n<\/div>\n\n<p><\/p>\n\n<p><\/p>\n","protected":false},"excerpt":{"rendered":"","protected":false},"author":1,"featured_media":36115,"comment_status":"closed","ping_status":"closed","template":"","meta":{"site-sidebar-layout":"default","site-content-layout":"","ast-site-content-layout":"default","site-content-style":"default","site-sidebar-style":"default","ast-global-header-display":"","ast-banner-title-visibility":"","ast-main-header-display":"","ast-hfb-above-header-display":"","ast-hfb-below-header-display":"","ast-hfb-mobile-header-display":"","site-post-title":"","ast-breadcrumbs-content":"","ast-featured-img":"","footer-sml-layout":"","ast-disable-related-posts":"","theme-transparent-header-meta":"","adv-header-id-meta":"","stick-header-meta":"","header-above-stick-meta":"","header-main-stick-meta":"","header-below-stick-meta":"","astra-migrate-meta-layouts":"default","ast-page-background-enabled":"default","ast-page-background-meta":{"desktop":{"background-color":"var(--ast-global-color-5)","background-image":"","background-repeat":"repeat","background-position":"center center","background-size":"auto","background-attachment":"scroll","background-type":"","background-media":"","overlay-type":"","overlay-color":"","overlay-opacity":"","overlay-gradient":""},"tablet":{"background-color":"","background-image":"","background-repeat":"repeat","background-position":"center center","background-size":"auto","background-attachment":"scroll","background-type":"","background-media":"","overlay-type":"","overlay-color":"","overlay-opacity":"","overlay-gradient":""},"mobile":{"background-color":"","background-image":"","background-repeat":"repeat","background-position":"center center","background-size":"auto","background-attachment":"scroll","background-type":"","background-media":"","overlay-type":"","overlay-color":"","overlay-opacity":"","overlay-gradient":""}},"ast-content-background-meta":{"desktop":{"background-color":"var(--ast-global-color-4)","background-image":"","background-repeat":"repeat","background-position":"center center","background-size":"auto","background-attachment":"scroll","background-type":"","background-media":"","overlay-type":"","overlay-color":"","overlay-opacity":"","overlay-gradient":""},"tablet":{"background-color":"var(--ast-global-color-4)","background-image":"","background-repeat":"repeat","background-position":"center center","background-size":"auto","background-attachment":"scroll","background-type":"","background-media":"","overlay-type":"","overlay-color":"","overlay-opacity":"","overlay-gradient":""},"mobile":{"background-color":"var(--ast-global-color-4)","background-image":"","background-repeat":"repeat","background-position":"center center","background-size":"auto","background-attachment":"scroll","background-type":"","background-media":"","overlay-type":"","overlay-color":"","overlay-opacity":"","overlay-gradient":""}}},"tags":[],"mec_category":[142,143,247,141],"class_list":["post-35666","mec-events","type-mec-events","status-publish","has-post-thumbnail","hentry","mec_category-centros-de-ocio","mec_category-manifestacion","mec_category-noticias-recientes","mec_category-vacaciones"],"yoast_head":"<!-- This site is optimized with the Yoast SEO plugin v27.5 - https:\/\/yoast.com\/product\/yoast-seo-wordpress\/ -->\n<title>Copia de \u00a1Las inscripciones est\u00e1n abiertas para los habitantes de los 3 Ch\u00eane! - Le Spot - Maison de Quartier de Ch\u00eane-Bourg<\/title>\n<meta name=\"robots\" content=\"index, follow, max-snippet:-1, max-image-preview:large, max-video-preview:-1\" \/>\n<link rel=\"canonical\" href=\"https:\/\/lespot.ch\/es\/events\/copia-de-las-inscripciones-estan-abiertas-para-los-habitantes-de-los-3-chene\/\" \/>\n<meta property=\"og:locale\" content=\"es_ES\" \/>\n<meta property=\"og:type\" content=\"article\" \/>\n<meta property=\"og:title\" content=\"Copia de \u00a1Las inscripciones est\u00e1n abiertas para los habitantes de los 3 Ch\u00eane! - Le Spot - Maison de Quartier de Ch\u00eane-Bourg\" \/>\n<meta property=\"og:url\" content=\"https:\/\/lespot.ch\/es\/events\/copia-de-las-inscripciones-estan-abiertas-para-los-habitantes-de-los-3-chene\/\" \/>\n<meta property=\"og:site_name\" content=\"Le Spot - Maison de Quartier de Ch\u00eane-Bourg\" \/>\n<meta name=\"twitter:card\" content=\"summary_large_image\" \/>\n<script type=\"application\/ld+json\" class=\"yoast-schema-graph\">{\"@context\":\"https:\\\/\\\/schema.org\",\"@graph\":[{\"@type\":\"WebPage\",\"@id\":\"https:\\\/\\\/lespot.ch\\\/es\\\/events\\\/copia-de-las-inscripciones-estan-abiertas-para-los-habitantes-de-los-3-chene\\\/\",\"url\":\"https:\\\/\\\/lespot.ch\\\/es\\\/events\\\/copia-de-las-inscripciones-estan-abiertas-para-los-habitantes-de-los-3-chene\\\/\",\"name\":\"Copia de \u00a1Las inscripciones est\u00e1n abiertas para los habitantes de los 3 Ch\u00eane! - Le Spot - Maison de Quartier de Ch\u00eane-Bourg\",\"isPartOf\":{\"@id\":\"https:\\\/\\\/lespot.ch\\\/es\\\/#website\"},\"primaryImageOfPage\":{\"@id\":\"https:\\\/\\\/lespot.ch\\\/es\\\/events\\\/copia-de-las-inscripciones-estan-abiertas-para-los-habitantes-de-los-3-chene\\\/#primaryimage\"},\"image\":{\"@id\":\"https:\\\/\\\/lespot.ch\\\/es\\\/events\\\/copia-de-las-inscripciones-estan-abiertas-para-los-habitantes-de-los-3-chene\\\/#primaryimage\"},\"thumbnailUrl\":\"https:\\\/\\\/lespot.ch\\\/wp-content\\\/uploads\\\/2025\\\/12\\\/2026-renseignements-inscriptions-C-A-Fevrier-non-ski-pdf.jpg\",\"datePublished\":\"2025-12-16T10:31:49+00:00\",\"breadcrumb\":{\"@id\":\"https:\\\/\\\/lespot.ch\\\/es\\\/events\\\/copia-de-las-inscripciones-estan-abiertas-para-los-habitantes-de-los-3-chene\\\/#breadcrumb\"},\"inLanguage\":\"es\",\"potentialAction\":[{\"@type\":\"ReadAction\",\"target\":[\"https:\\\/\\\/lespot.ch\\\/es\\\/events\\\/copia-de-las-inscripciones-estan-abiertas-para-los-habitantes-de-los-3-chene\\\/\"]}]},{\"@type\":\"ImageObject\",\"inLanguage\":\"es\",\"@id\":\"https:\\\/\\\/lespot.ch\\\/es\\\/events\\\/copia-de-las-inscripciones-estan-abiertas-para-los-habitantes-de-los-3-chene\\\/#primaryimage\",\"url\":\"https:\\\/\\\/lespot.ch\\\/wp-content\\\/uploads\\\/2025\\\/12\\\/2026-renseignements-inscriptions-C-A-Fevrier-non-ski-pdf.jpg\",\"contentUrl\":\"https:\\\/\\\/lespot.ch\\\/wp-content\\\/uploads\\\/2025\\\/12\\\/2026-renseignements-inscriptions-C-A-Fevrier-non-ski-pdf.jpg\"},{\"@type\":\"BreadcrumbList\",\"@id\":\"https:\\\/\\\/lespot.ch\\\/es\\\/events\\\/copia-de-las-inscripciones-estan-abiertas-para-los-habitantes-de-los-3-chene\\\/#breadcrumb\",\"itemListElement\":[{\"@type\":\"ListItem\",\"position\":1,\"name\":\"Accueil\",\"item\":\"http:\\\/\\\/lespot.ch\\\/es\\\/\"},{\"@type\":\"ListItem\",\"position\":2,\"name\":\"Events\",\"item\":\"https:\\\/\\\/lespot.ch\\\/es\\\/events\\\/\"},{\"@type\":\"ListItem\",\"position\":3,\"name\":\"Copia de \u00a1Las inscripciones est\u00e1n abiertas para los habitantes de los 3 Ch\u00eane!\"}]},{\"@type\":\"WebSite\",\"@id\":\"https:\\\/\\\/lespot.ch\\\/es\\\/#website\",\"url\":\"https:\\\/\\\/lespot.ch\\\/es\\\/\",\"name\":\"Le Spot - Maison de Quartier de Ch\u00eane-Bourg\",\"description\":\"\",\"potentialAction\":[{\"@type\":\"SearchAction\",\"target\":{\"@type\":\"EntryPoint\",\"urlTemplate\":\"https:\\\/\\\/lespot.ch\\\/es\\\/?s={search_term_string}\"},\"query-input\":{\"@type\":\"PropertyValueSpecification\",\"valueRequired\":true,\"valueName\":\"search_term_string\"}}],\"inLanguage\":\"es\"}]}<\/script>\n<!-- \/ Yoast SEO plugin. -->","yoast_head_json":{"title":"Copia de \u00a1Las inscripciones est\u00e1n abiertas para los habitantes de los 3 Ch\u00eane! - Le Spot - Maison de Quartier de Ch\u00eane-Bourg","robots":{"index":"index","follow":"follow","max-snippet":"max-snippet:-1","max-image-preview":"max-image-preview:large","max-video-preview":"max-video-preview:-1"},"canonical":"https:\/\/lespot.ch\/es\/events\/copia-de-las-inscripciones-estan-abiertas-para-los-habitantes-de-los-3-chene\/","og_locale":"es_ES","og_type":"article","og_title":"Copia de \u00a1Las inscripciones est\u00e1n abiertas para los habitantes de los 3 Ch\u00eane! - Le Spot - Maison de Quartier de Ch\u00eane-Bourg","og_url":"https:\/\/lespot.ch\/es\/events\/copia-de-las-inscripciones-estan-abiertas-para-los-habitantes-de-los-3-chene\/","og_site_name":"Le Spot - Maison de Quartier de Ch\u00eane-Bourg","twitter_card":"summary_large_image","schema":{"@context":"https:\/\/schema.org","@graph":[{"@type":"WebPage","@id":"https:\/\/lespot.ch\/es\/events\/copia-de-las-inscripciones-estan-abiertas-para-los-habitantes-de-los-3-chene\/","url":"https:\/\/lespot.ch\/es\/events\/copia-de-las-inscripciones-estan-abiertas-para-los-habitantes-de-los-3-chene\/","name":"Copia de \u00a1Las inscripciones est\u00e1n abiertas para los habitantes de los 3 Ch\u00eane! - Le Spot - Maison de Quartier de Ch\u00eane-Bourg","isPartOf":{"@id":"https:\/\/lespot.ch\/es\/#website"},"primaryImageOfPage":{"@id":"https:\/\/lespot.ch\/es\/events\/copia-de-las-inscripciones-estan-abiertas-para-los-habitantes-de-los-3-chene\/#primaryimage"},"image":{"@id":"https:\/\/lespot.ch\/es\/events\/copia-de-las-inscripciones-estan-abiertas-para-los-habitantes-de-los-3-chene\/#primaryimage"},"thumbnailUrl":"https:\/\/lespot.ch\/wp-content\/uploads\/2025\/12\/2026-renseignements-inscriptions-C-A-Fevrier-non-ski-pdf.jpg","datePublished":"2025-12-16T10:31:49+00:00","breadcrumb":{"@id":"https:\/\/lespot.ch\/es\/events\/copia-de-las-inscripciones-estan-abiertas-para-los-habitantes-de-los-3-chene\/#breadcrumb"},"inLanguage":"es","potentialAction":[{"@type":"ReadAction","target":["https:\/\/lespot.ch\/es\/events\/copia-de-las-inscripciones-estan-abiertas-para-los-habitantes-de-los-3-chene\/"]}]},{"@type":"ImageObject","inLanguage":"es","@id":"https:\/\/lespot.ch\/es\/events\/copia-de-las-inscripciones-estan-abiertas-para-los-habitantes-de-los-3-chene\/#primaryimage","url":"https:\/\/lespot.ch\/wp-content\/uploads\/2025\/12\/2026-renseignements-inscriptions-C-A-Fevrier-non-ski-pdf.jpg","contentUrl":"https:\/\/lespot.ch\/wp-content\/uploads\/2025\/12\/2026-renseignements-inscriptions-C-A-Fevrier-non-ski-pdf.jpg"},{"@type":"BreadcrumbList","@id":"https:\/\/lespot.ch\/es\/events\/copia-de-las-inscripciones-estan-abiertas-para-los-habitantes-de-los-3-chene\/#breadcrumb","itemListElement":[{"@type":"ListItem","position":1,"name":"Accueil","item":"http:\/\/lespot.ch\/es\/"},{"@type":"ListItem","position":2,"name":"Events","item":"https:\/\/lespot.ch\/es\/events\/"},{"@type":"ListItem","position":3,"name":"Copia de \u00a1Las inscripciones est\u00e1n abiertas para los habitantes de los 3 Ch\u00eane!"}]},{"@type":"WebSite","@id":"https:\/\/lespot.ch\/es\/#website","url":"https:\/\/lespot.ch\/es\/","name":"Le Spot - Maison de Quartier de Ch\u00eane-Bourg","description":"","potentialAction":[{"@type":"SearchAction","target":{"@type":"EntryPoint","urlTemplate":"https:\/\/lespot.ch\/es\/?s={search_term_string}"},"query-input":{"@type":"PropertyValueSpecification","valueRequired":true,"valueName":"search_term_string"}}],"inLanguage":"es"}]}},"_links":{"self":[{"href":"https:\/\/lespot.ch\/es\/wp-json\/wp\/v2\/mec-events\/35666","targetHints":{"allow":["GET"]}}],"collection":[{"href":"https:\/\/lespot.ch\/es\/wp-json\/wp\/v2\/mec-events"}],"about":[{"href":"https:\/\/lespot.ch\/es\/wp-json\/wp\/v2\/types\/mec-events"}],"author":[{"embeddable":true,"href":"https:\/\/lespot.ch\/es\/wp-json\/wp\/v2\/users\/1"}],"replies":[{"embeddable":true,"href":"https:\/\/lespot.ch\/es\/wp-json\/wp\/v2\/comments?post=35666"}],"version-history":[{"count":1,"href":"https:\/\/lespot.ch\/es\/wp-json\/wp\/v2\/mec-events\/35666\/revisions"}],"predecessor-version":[{"id":35668,"href":"https:\/\/lespot.ch\/es\/wp-json\/wp\/v2\/mec-events\/35666\/revisions\/35668"}],"wp:featuredmedia":[{"embeddable":true,"href":"https:\/\/lespot.ch\/es\/wp-json\/wp\/v2\/media\/36115"}],"wp:attachment":[{"href":"https:\/\/lespot.ch\/es\/wp-json\/wp\/v2\/media?parent=35666"}],"wp:term":[{"taxonomy":"post_tag","embeddable":true,"href":"https:\/\/lespot.ch\/es\/wp-json\/wp\/v2\/tags?post=35666"},{"taxonomy":"mec_category","embeddable":true,"href":"https:\/\/lespot.ch\/es\/wp-json\/wp\/v2\/mec_category?post=35666"}],"curies":[{"name":"wp","href":"https:\/\/api.w.org\/{rel}","templated":true}]}}

Copia de ¡Las inscripciones están abiertas para los habitantes de los 3 Chêne!

<div class="wp-block-buttons is-content-justification-center is-layout-flex wp-container-core-buttons-is-layout-a89b3969 wp-block-buttons-is-layout-flex">
<div class="wp-block-button"><a class="wp-block-button__link wp-element-button" href="http://lespot.ch/wp-content/uploads/2025/09/INSCRIPTION-CENTRE-AERE-AUTOMNE-2025.pdf">Descargar el formulario de inscripción</a></div>
</div>

<p></p>

<p></p>

<!-- This site is optimized with the Yoast SEO plugin v27.5 - https://yoast.com/product/yoast-seo-wordpress/ -->
<title>Copia de ¡Las inscripciones están abiertas para los habitantes de los 3 Chêne! - Le Spot - Maison de Quartier de Chêne-Bourg</title>
<meta name="robots" content="index, follow, max-snippet:-1, max-image-preview:large, max-video-preview:-1" />
<link rel="canonical" href="https://lespot.ch/es/events/copia-de-las-inscripciones-estan-abiertas-para-los-habitantes-de-los-3-chene/" />
<meta property="og:locale" content="es_ES" />
<meta property="og:type" content="article" />
<meta property="og:title" content="Copia de ¡Las inscripciones están abiertas para los habitantes de los 3 Chêne! - Le Spot - Maison de Quartier de Chêne-Bourg" />
<meta property="og:url" content="https://lespot.ch/es/events/copia-de-las-inscripciones-estan-abiertas-para-los-habitantes-de-los-3-chene/" />
<meta property="og:site_name" content="Le Spot - Maison de Quartier de Chêne-Bourg" />
<meta name="twitter:card" content="summary_large_image" />
<script type="application/ld+json" class="yoast-schema-graph">{"@context":"https:\/\/schema.org","@graph":[{"@type":"WebPage","@id":"https:\/\/lespot.ch\/es\/events\/copia-de-las-inscripciones-estan-abiertas-para-los-habitantes-de-los-3-chene\/","url":"https:\/\/lespot.ch\/es\/events\/copia-de-las-inscripciones-estan-abiertas-para-los-habitantes-de-los-3-chene\/","name":"Copia de ¡Las inscripciones están abiertas para los habitantes de los 3 Chêne! - Le Spot - Maison de Quartier de Chêne-Bourg","isPartOf":{"@id":"https:\/\/lespot.ch\/es\/#website"},"primaryImageOfPage":{"@id":"https:\/\/lespot.ch\/es\/events\/copia-de-las-inscripciones-estan-abiertas-para-los-habitantes-de-los-3-chene\/#primaryimage"},"image":{"@id":"https:\/\/lespot.ch\/es\/events\/copia-de-las-inscripciones-estan-abiertas-para-los-habitantes-de-los-3-chene\/#primaryimage"},"thumbnailUrl":"https:\/\/lespot.ch\/wp-content\/uploads\/2025\/12\/2026-renseignements-inscriptions-C-A-Fevrier-non-ski-pdf.jpg","datePublished":"2025-12-16T10:31:49+00:00","breadcrumb":{"@id":"https:\/\/lespot.ch\/es\/events\/copia-de-las-inscripciones-estan-abiertas-para-los-habitantes-de-los-3-chene\/#breadcrumb"},"inLanguage":"es","potentialAction":[{"@type":"ReadAction","target":["https:\/\/lespot.ch\/es\/events\/copia-de-las-inscripciones-estan-abiertas-para-los-habitantes-de-los-3-chene\/"]}]},{"@type":"ImageObject","inLanguage":"es","@id":"https:\/\/lespot.ch\/es\/events\/copia-de-las-inscripciones-estan-abiertas-para-los-habitantes-de-los-3-chene\/#primaryimage","url":"https:\/\/lespot.ch\/wp-content\/uploads\/2025\/12\/2026-renseignements-inscriptions-C-A-Fevrier-non-ski-pdf.jpg","contentUrl":"https:\/\/lespot.ch\/wp-content\/uploads\/2025\/12\/2026-renseignements-inscriptions-C-A-Fevrier-non-ski-pdf.jpg"},{"@type":"BreadcrumbList","@id":"https:\/\/lespot.ch\/es\/events\/copia-de-las-inscripciones-estan-abiertas-para-los-habitantes-de-los-3-chene\/#breadcrumb","itemListElement":[{"@type":"ListItem","position":1,"name":"Accueil","item":"http:\/\/lespot.ch\/es\/"},{"@type":"ListItem","position":2,"name":"Events","item":"https:\/\/lespot.ch\/es\/events\/"},{"@type":"ListItem","position":3,"name":"Copia de ¡Las inscripciones están abiertas para los habitantes de los 3 Chêne!"}]},{"@type":"WebSite","@id":"https:\/\/lespot.ch\/es\/#website","url":"https:\/\/lespot.ch\/es\/","name":"Le Spot - Maison de Quartier de Chêne-Bourg","description":"","potentialAction":[{"@type":"SearchAction","target":{"@type":"EntryPoint","urlTemplate":"https:\/\/lespot.ch\/es\/?s={search_term_string}"},"query-input":{"@type":"PropertyValueSpecification","valueRequired":true,"valueName":"search_term_string"}}],"inLanguage":"es"}]}</script>
<!-- / Yoast SEO plugin. -->

Copia de ¡Las inscripciones están abiertas para los habitantes de los 3 Chêne! - Le Spot - Maison de Quartier de Chêne-Bourg

Le Spot - Maison de Quartier de Chêne-Bourg
