{"id":35145,"date":"2025-07-31T12:16:40","date_gmt":"2025-07-31T10:16:40","guid":{"rendered":"https:\/\/lespot.ch\/events\/la-grande-recre\/"},"modified":"2025-07-31T12:16:40","modified_gmt":"2025-07-31T10:16:40","slug":"la-grande-recre","status":"publish","type":"mec-events","link":"http:\/\/lespot.ch\/es\/events\/la-grande-recre\/","title":{"rendered":"La Grande R\u00e9cr\u00e9"},"content":{"rendered":"<p>Para ni\u00f1os de 6 a 11 a\u00f1os<\/p>\n<p>Todos los mi\u00e9rcoles <strong>en per\u00edodo escolar<\/strong> de 13:30 a 18:00, recepci\u00f3n desde las 13:00.<\/p>\n<p>Precio: seg\u00fan los ingresos familiares<\/p>\n<p>Atenci\u00f3n: 11 ni\u00f1os como m\u00e1ximo<\/p>\n","protected":false},"excerpt":{"rendered":"<p>Para ni\u00f1os de 6 a 11 a\u00f1os Todos los mi\u00e9rcoles en per\u00edodo escolar de 13:30 a 18:00, recepci\u00f3n desde las 13:00. Precio: seg\u00fan los ingresos familiares Atenci\u00f3n: 11 ni\u00f1os como m\u00e1ximo<\/p>\n","protected":false},"author":1,"featured_media":35147,"comment_status":"closed","ping_status":"closed","template":"","meta":{"site-sidebar-layout":"default","site-content-layout":"","ast-site-content-layout":"default","site-content-style":"default","site-sidebar-style":"default","ast-global-header-display":"","ast-banner-title-visibility":"","ast-main-header-display":"","ast-hfb-above-header-display":"","ast-hfb-below-header-display":"","ast-hfb-mobile-header-display":"","site-post-title":"","ast-breadcrumbs-content":"","ast-featured-img":"","footer-sml-layout":"","ast-disable-related-posts":"","theme-transparent-header-meta":"","adv-header-id-meta":"","stick-header-meta":"","header-above-stick-meta":"","header-main-stick-meta":"","header-below-stick-meta":"","astra-migrate-meta-layouts":"default","ast-page-background-enabled":"default","ast-page-background-meta":{"desktop":{"background-color":"var(--ast-global-color-5)","background-image":"","background-repeat":"repeat","background-position":"center center","background-size":"auto","background-attachment":"scroll","background-type":"","background-media":"","overlay-type":"","overlay-color":"","overlay-opacity":"","overlay-gradient":""},"tablet":{"background-color":"","background-image":"","background-repeat":"repeat","background-position":"center center","background-size":"auto","background-attachment":"scroll","background-type":"","background-media":"","overlay-type":"","overlay-color":"","overlay-opacity":"","overlay-gradient":""},"mobile":{"background-color":"","background-image":"","background-repeat":"repeat","background-position":"center center","background-size":"auto","background-attachment":"scroll","background-type":"","background-media":"","overlay-type":"","overlay-color":"","overlay-opacity":"","overlay-gradient":""}},"ast-content-background-meta":{"desktop":{"background-color":"var(--ast-global-color-4)","background-image":"","background-repeat":"repeat","background-position":"center center","background-size":"auto","background-attachment":"scroll","background-type":"","background-media":"","overlay-type":"","overlay-color":"","overlay-opacity":"","overlay-gradient":""},"tablet":{"background-color":"var(--ast-global-color-4)","background-image":"","background-repeat":"repeat","background-position":"center center","background-size":"auto","background-attachment":"scroll","background-type":"","background-media":"","overlay-type":"","overlay-color":"","overlay-opacity":"","overlay-gradient":""},"mobile":{"background-color":"var(--ast-global-color-4)","background-image":"","background-repeat":"repeat","background-position":"center center","background-size":"auto","background-attachment":"scroll","background-type":"","background-media":"","overlay-type":"","overlay-color":"","overlay-opacity":"","overlay-gradient":""}}},"tags":[],"mec_category":[149],"class_list":["post-35145","mec-events","type-mec-events","status-publish","has-post-thumbnail","hentry","mec_category-eventos"],"yoast_head":"<!-- This site is optimized with the Yoast SEO plugin v27.5 - https:\/\/yoast.com\/product\/yoast-seo-wordpress\/ -->\n<title>La Grande R\u00e9cr\u00e9 - Le Spot - Maison de Quartier de Ch\u00eane-Bourg<\/title>\n<meta name=\"robots\" content=\"index, follow, max-snippet:-1, max-image-preview:large, max-video-preview:-1\" \/>\n<link rel=\"canonical\" href=\"http:\/\/lespot.ch\/es\/events\/la-grande-recre\/\" \/>\n<meta property=\"og:locale\" content=\"es_ES\" \/>\n<meta property=\"og:type\" content=\"article\" \/>\n<meta property=\"og:title\" content=\"La Grande R\u00e9cr\u00e9 - Le Spot - Maison de Quartier de Ch\u00eane-Bourg\" \/>\n<meta property=\"og:description\" content=\"Para ni\u00f1os de 6 a 11 a\u00f1os Todos los mi\u00e9rcoles en per\u00edodo escolar de 13:30 a 18:00, recepci\u00f3n desde las 13:00. Precio: seg\u00fan los ingresos familiares Atenci\u00f3n: 11 ni\u00f1os como m\u00e1ximo\" \/>\n<meta property=\"og:url\" content=\"http:\/\/lespot.ch\/es\/events\/la-grande-recre\/\" \/>\n<meta property=\"og:site_name\" content=\"Le Spot - Maison de Quartier de Ch\u00eane-Bourg\" \/>\n<meta property=\"og:image\" content=\"http:\/\/lespot.ch\/wp-content\/uploads\/2019\/06\/enfants-recre.jpg\" \/>\n\t<meta property=\"og:image:width\" content=\"1080\" \/>\n\t<meta property=\"og:image:height\" content=\"300\" \/>\n\t<meta property=\"og:image:type\" content=\"image\/jpeg\" \/>\n<meta name=\"twitter:card\" content=\"summary_large_image\" \/>\n<script type=\"application\/ld+json\" class=\"yoast-schema-graph\">{\"@context\":\"https:\\\/\\\/schema.org\",\"@graph\":[{\"@type\":\"WebPage\",\"@id\":\"http:\\\/\\\/lespot.ch\\\/es\\\/events\\\/la-grande-recre\\\/\",\"url\":\"http:\\\/\\\/lespot.ch\\\/es\\\/events\\\/la-grande-recre\\\/\",\"name\":\"La Grande R\u00e9cr\u00e9 - Le Spot - Maison de Quartier de Ch\u00eane-Bourg\",\"isPartOf\":{\"@id\":\"https:\\\/\\\/lespot.ch\\\/es\\\/#website\"},\"primaryImageOfPage\":{\"@id\":\"http:\\\/\\\/lespot.ch\\\/es\\\/events\\\/la-grande-recre\\\/#primaryimage\"},\"image\":{\"@id\":\"http:\\\/\\\/lespot.ch\\\/es\\\/events\\\/la-grande-recre\\\/#primaryimage\"},\"thumbnailUrl\":\"http:\\\/\\\/lespot.ch\\\/wp-content\\\/uploads\\\/2019\\\/06\\\/enfants-recre.jpg\",\"datePublished\":\"2025-07-31T10:16:40+00:00\",\"breadcrumb\":{\"@id\":\"http:\\\/\\\/lespot.ch\\\/es\\\/events\\\/la-grande-recre\\\/#breadcrumb\"},\"inLanguage\":\"es\",\"potentialAction\":[{\"@type\":\"ReadAction\",\"target\":[\"http:\\\/\\\/lespot.ch\\\/es\\\/events\\\/la-grande-recre\\\/\"]}]},{\"@type\":\"ImageObject\",\"inLanguage\":\"es\",\"@id\":\"http:\\\/\\\/lespot.ch\\\/es\\\/events\\\/la-grande-recre\\\/#primaryimage\",\"url\":\"http:\\\/\\\/lespot.ch\\\/wp-content\\\/uploads\\\/2019\\\/06\\\/enfants-recre.jpg\",\"contentUrl\":\"http:\\\/\\\/lespot.ch\\\/wp-content\\\/uploads\\\/2019\\\/06\\\/enfants-recre.jpg\",\"width\":1080,\"height\":300},{\"@type\":\"BreadcrumbList\",\"@id\":\"http:\\\/\\\/lespot.ch\\\/es\\\/events\\\/la-grande-recre\\\/#breadcrumb\",\"itemListElement\":[{\"@type\":\"ListItem\",\"position\":1,\"name\":\"Accueil\",\"item\":\"http:\\\/\\\/lespot.ch\\\/es\\\/\"},{\"@type\":\"ListItem\",\"position\":2,\"name\":\"Events\",\"item\":\"http:\\\/\\\/lespot.ch\\\/es\\\/events\\\/\"},{\"@type\":\"ListItem\",\"position\":3,\"name\":\"La Grande R\u00e9cr\u00e9\"}]},{\"@type\":\"WebSite\",\"@id\":\"https:\\\/\\\/lespot.ch\\\/es\\\/#website\",\"url\":\"https:\\\/\\\/lespot.ch\\\/es\\\/\",\"name\":\"Le Spot - Maison de Quartier de Ch\u00eane-Bourg\",\"description\":\"\",\"potentialAction\":[{\"@type\":\"SearchAction\",\"target\":{\"@type\":\"EntryPoint\",\"urlTemplate\":\"https:\\\/\\\/lespot.ch\\\/es\\\/?s={search_term_string}\"},\"query-input\":{\"@type\":\"PropertyValueSpecification\",\"valueRequired\":true,\"valueName\":\"search_term_string\"}}],\"inLanguage\":\"es\"}]}<\/script>\n<!-- \/ Yoast SEO plugin. -->","yoast_head_json":{"title":"La Grande R\u00e9cr\u00e9 - Le Spot - Maison de Quartier de Ch\u00eane-Bourg","robots":{"index":"index","follow":"follow","max-snippet":"max-snippet:-1","max-image-preview":"max-image-preview:large","max-video-preview":"max-video-preview:-1"},"canonical":"http:\/\/lespot.ch\/es\/events\/la-grande-recre\/","og_locale":"es_ES","og_type":"article","og_title":"La Grande R\u00e9cr\u00e9 - Le Spot - Maison de Quartier de Ch\u00eane-Bourg","og_description":"Para ni\u00f1os de 6 a 11 a\u00f1os Todos los mi\u00e9rcoles en per\u00edodo escolar de 13:30 a 18:00, recepci\u00f3n desde las 13:00. Precio: seg\u00fan los ingresos familiares Atenci\u00f3n: 11 ni\u00f1os como m\u00e1ximo","og_url":"http:\/\/lespot.ch\/es\/events\/la-grande-recre\/","og_site_name":"Le Spot - Maison de Quartier de Ch\u00eane-Bourg","og_image":[{"width":1080,"height":300,"url":"http:\/\/lespot.ch\/wp-content\/uploads\/2019\/06\/enfants-recre.jpg","type":"image\/jpeg"}],"twitter_card":"summary_large_image","schema":{"@context":"https:\/\/schema.org","@graph":[{"@type":"WebPage","@id":"http:\/\/lespot.ch\/es\/events\/la-grande-recre\/","url":"http:\/\/lespot.ch\/es\/events\/la-grande-recre\/","name":"La Grande R\u00e9cr\u00e9 - Le Spot - Maison de Quartier de Ch\u00eane-Bourg","isPartOf":{"@id":"https:\/\/lespot.ch\/es\/#website"},"primaryImageOfPage":{"@id":"http:\/\/lespot.ch\/es\/events\/la-grande-recre\/#primaryimage"},"image":{"@id":"http:\/\/lespot.ch\/es\/events\/la-grande-recre\/#primaryimage"},"thumbnailUrl":"http:\/\/lespot.ch\/wp-content\/uploads\/2019\/06\/enfants-recre.jpg","datePublished":"2025-07-31T10:16:40+00:00","breadcrumb":{"@id":"http:\/\/lespot.ch\/es\/events\/la-grande-recre\/#breadcrumb"},"inLanguage":"es","potentialAction":[{"@type":"ReadAction","target":["http:\/\/lespot.ch\/es\/events\/la-grande-recre\/"]}]},{"@type":"ImageObject","inLanguage":"es","@id":"http:\/\/lespot.ch\/es\/events\/la-grande-recre\/#primaryimage","url":"http:\/\/lespot.ch\/wp-content\/uploads\/2019\/06\/enfants-recre.jpg","contentUrl":"http:\/\/lespot.ch\/wp-content\/uploads\/2019\/06\/enfants-recre.jpg","width":1080,"height":300},{"@type":"BreadcrumbList","@id":"http:\/\/lespot.ch\/es\/events\/la-grande-recre\/#breadcrumb","itemListElement":[{"@type":"ListItem","position":1,"name":"Accueil","item":"http:\/\/lespot.ch\/es\/"},{"@type":"ListItem","position":2,"name":"Events","item":"http:\/\/lespot.ch\/es\/events\/"},{"@type":"ListItem","position":3,"name":"La Grande R\u00e9cr\u00e9"}]},{"@type":"WebSite","@id":"https:\/\/lespot.ch\/es\/#website","url":"https:\/\/lespot.ch\/es\/","name":"Le Spot - Maison de Quartier de Ch\u00eane-Bourg","description":"","potentialAction":[{"@type":"SearchAction","target":{"@type":"EntryPoint","urlTemplate":"https:\/\/lespot.ch\/es\/?s={search_term_string}"},"query-input":{"@type":"PropertyValueSpecification","valueRequired":true,"valueName":"search_term_string"}}],"inLanguage":"es"}]}},"_links":{"self":[{"href":"http:\/\/lespot.ch\/es\/wp-json\/wp\/v2\/mec-events\/35145","targetHints":{"allow":["GET"]}}],"collection":[{"href":"http:\/\/lespot.ch\/es\/wp-json\/wp\/v2\/mec-events"}],"about":[{"href":"http:\/\/lespot.ch\/es\/wp-json\/wp\/v2\/types\/mec-events"}],"author":[{"embeddable":true,"href":"http:\/\/lespot.ch\/es\/wp-json\/wp\/v2\/users\/1"}],"replies":[{"embeddable":true,"href":"http:\/\/lespot.ch\/es\/wp-json\/wp\/v2\/comments?post=35145"}],"version-history":[{"count":0,"href":"http:\/\/lespot.ch\/es\/wp-json\/wp\/v2\/mec-events\/35145\/revisions"}],"wp:featuredmedia":[{"embeddable":true,"href":"http:\/\/lespot.ch\/es\/wp-json\/wp\/v2\/media\/35147"}],"wp:attachment":[{"href":"http:\/\/lespot.ch\/es\/wp-json\/wp\/v2\/media?parent=35145"}],"wp:term":[{"taxonomy":"post_tag","embeddable":true,"href":"http:\/\/lespot.ch\/es\/wp-json\/wp\/v2\/tags?post=35145"},{"taxonomy":"mec_category","embeddable":true,"href":"http:\/\/lespot.ch\/es\/wp-json\/wp\/v2\/mec_category?post=35145"}],"curies":[{"name":"wp","href":"https:\/\/api.w.org\/{rel}","templated":true}]}}

La Grande Récré

<p>Para niños de 6 a 11 años</p>
<p>Todos los miércoles <strong>en período escolar</strong> de 13:30 a 18:00, recepción desde las 13:00.</p>
<p>Precio: según los ingresos familiares</p>
<p>Atención: 11 niños como máximo</p>

<p>Para niños de 6 a 11 años Todos los miércoles en período escolar de 13:30 a 18:00, recepción desde las 13:00. Precio: según los ingresos familiares Atención: 11 niños como máximo</p>

<!-- This site is optimized with the Yoast SEO plugin v27.5 - https://yoast.com/product/yoast-seo-wordpress/ -->
<title>La Grande Récré - Le Spot - Maison de Quartier de Chêne-Bourg</title>
<meta name="robots" content="index, follow, max-snippet:-1, max-image-preview:large, max-video-preview:-1" />
<link rel="canonical" href="http://lespot.ch/es/events/la-grande-recre/" />
<meta property="og:locale" content="es_ES" />
<meta property="og:type" content="article" />
<meta property="og:title" content="La Grande Récré - Le Spot - Maison de Quartier de Chêne-Bourg" />
<meta property="og:description" content="Para niños de 6 a 11 años Todos los miércoles en período escolar de 13:30 a 18:00, recepción desde las 13:00. Precio: según los ingresos familiares Atención: 11 niños como máximo" />
<meta property="og:url" content="http://lespot.ch/es/events/la-grande-recre/" />
<meta property="og:site_name" content="Le Spot - Maison de Quartier de Chêne-Bourg" />
<meta property="og:image" content="http://lespot.ch/wp-content/uploads/2019/06/enfants-recre.jpg" />
	<meta property="og:image:width" content="1080" />
	<meta property="og:image:height" content="300" />
	<meta property="og:image:type" content="image/jpeg" />
<meta name="twitter:card" content="summary_large_image" />
<script type="application/ld+json" class="yoast-schema-graph">{"@context":"https:\/\/schema.org","@graph":[{"@type":"WebPage","@id":"http:\/\/lespot.ch\/es\/events\/la-grande-recre\/","url":"http:\/\/lespot.ch\/es\/events\/la-grande-recre\/","name":"La Grande Récré - Le Spot - Maison de Quartier de Chêne-Bourg","isPartOf":{"@id":"https:\/\/lespot.ch\/es\/#website"},"primaryImageOfPage":{"@id":"http:\/\/lespot.ch\/es\/events\/la-grande-recre\/#primaryimage"},"image":{"@id":"http:\/\/lespot.ch\/es\/events\/la-grande-recre\/#primaryimage"},"thumbnailUrl":"http:\/\/lespot.ch\/wp-content\/uploads\/2019\/06\/enfants-recre.jpg","datePublished":"2025-07-31T10:16:40+00:00","breadcrumb":{"@id":"http:\/\/lespot.ch\/es\/events\/la-grande-recre\/#breadcrumb"},"inLanguage":"es","potentialAction":[{"@type":"ReadAction","target":["http:\/\/lespot.ch\/es\/events\/la-grande-recre\/"]}]},{"@type":"ImageObject","inLanguage":"es","@id":"http:\/\/lespot.ch\/es\/events\/la-grande-recre\/#primaryimage","url":"http:\/\/lespot.ch\/wp-content\/uploads\/2019\/06\/enfants-recre.jpg","contentUrl":"http:\/\/lespot.ch\/wp-content\/uploads\/2019\/06\/enfants-recre.jpg","width":1080,"height":300},{"@type":"BreadcrumbList","@id":"http:\/\/lespot.ch\/es\/events\/la-grande-recre\/#breadcrumb","itemListElement":[{"@type":"ListItem","position":1,"name":"Accueil","item":"http:\/\/lespot.ch\/es\/"},{"@type":"ListItem","position":2,"name":"Events","item":"http:\/\/lespot.ch\/es\/events\/"},{"@type":"ListItem","position":3,"name":"La Grande Récré"}]},{"@type":"WebSite","@id":"https:\/\/lespot.ch\/es\/#website","url":"https:\/\/lespot.ch\/es\/","name":"Le Spot - Maison de Quartier de Chêne-Bourg","description":"","potentialAction":[{"@type":"SearchAction","target":{"@type":"EntryPoint","urlTemplate":"https:\/\/lespot.ch\/es\/?s={search_term_string}"},"query-input":{"@type":"PropertyValueSpecification","valueRequired":true,"valueName":"search_term_string"}}],"inLanguage":"es"}]}</script>
<!-- / Yoast SEO plugin. -->

La Grande Récré - Le Spot - Maison de Quartier de Chêne-Bourg

Para niños de 6 a 11 años Todos los miércoles en período escolar de 13:30 a 18:00, recepción desde las 13:00. Precio: según los ingresos familiares Atención: 11 niños como máximo

Le Spot - Maison de Quartier de Chêne-Bourg
